c. What is the remainder when p is divided by 7?
5
Let d(a) = 4*a**3 - 2*a**2 - 47*a + 140. Calculate the remainder when d(3) is divided by 45.
44
Suppose -45 = -2*b - 3*b. What is the remainder when 49 is divided by b?
4
Let p be (-1 + 2 - -2) + -26. Let n be (-2 - p)/(9/(-12)). Let d = 61 + n. What is the remainder when d is divided by 9?
6
Suppose 2*k + 5*z = 38, 5*k = -0*k + 2*z + 124. Calculate the remainder when (46*(-1 - -3))/2 is divided by k.
22
Let u(w) = -26*w - 61. Calculate the remainder when 644 is divided by u(-3).
15
Let a = -8 - -10. Suppose 4 = 5*x - i + a*i, 0 = -4*x - 4*i. Suppose 5*w - 3*f - 42 = 0, 2*w + 4*f - x = -5. Calculate the remainder when 15 is divided by w.
3
Let r = -19 + 88. Suppose 3*y + 0*y = r. Suppose 9*h + 3 = 14*h - 332. Calculate the remainder when h is divided by y.
21
Let h(j) = 244*j - 597. What is the remainder when 398 is divided by h(3)?
128
Suppose p = -t + 12, 3*p - 5*t - 95 = -51. Calculate the remainder when 283 is divided by p.
10
Let l = 1076 - 1055. Calculate the remainder when 77 is divided by l.
14
Suppose 4*o + 20 = -2*z + 84, 5*o - 75 = -5*z. Suppose 2*u + 42 = 138. What is the remainder when u is divided by o?
14
Suppose 5*z - 13 = 2. What is the remainder when z is divided by (42 - 15) + -21 + (-4)/1?
1
Suppose -4*d + 22 = 2*a, 2*a + 7 + 7 = 2*d. Calculate the remainder when 38 is divided by d.
2
Suppose 31 = -b + 327. Suppose 3*u + b = u - 3*v, -2*v = 8. What is the remainder when u/(-6) - 20/30 is divided by 8?
7
Let z = 410 + -406. Let o = 7 - 4. Suppose 4 + 41 = o*p. Calculate the remainder when p is divided by z.
3
Let i(z) = -4*z + 299. Calculate the remainder when i(14) is divided by 19.
15
Let s = -54 - -59. Calculate the remainder when 17 - 4 - (1 + 0) is divided by s.
2
Suppose 11*f + 114 = 17*f. What is the remainder when 72 is divided by f?
15
Suppose 28 = -4*l - 4*g, -g - 3 = -1. Let c be 12/(-4) - -2 - l. What is the remainder when 34 is divided by (-7 + c)/((-1)/3)?
7
Suppose 5*c = -3*c + 152. What is the remainder when 94 is divided by c?
18
Suppose 4*q + 2*o = 100, -5*o = -23 + 3. Suppose -3 + 15 = j. Suppose -7*u + j*u = 30. Calculate the remainder when q is divided by u.
5
Let k(a) = 86*a**3 + a**2 + 4. Let g be k(2). Suppose -s = 5*s - g. Suppose 0 = -q - 3 + s. What is the remainder when q is divided by 39?
35
Let o = -14 + 20. Suppose -3*c + 0*c + o = 0. Suppose 0 = 4*y + w - 127, 2*y - 69 = 3*w + c*w. What is the remainder when y is divided by 11?
10
Let t(r) = 11*r**3 - 3*r**2 + 2*r - 1. Let d be (16/(-20))/(4/140). Let z = -18 - d. What is the remainder when t(2) is divided by z?
9
Let j be (-3 - 0 - -7) + -2. Calculate the remainder when 3 is divided by (0 - j)/((-10)/5).
0
What is the remainder when 839 is divided by (3 - 1)*510/68?
14
Suppose 7*a + 8749 = 8889. What is the remainder when 1758 is divided by a?
18
Suppose t - 2*a - 14 = a, -2*t + 20 = -4*a. Suppose -t*m - 5*h = -h - 34, -3*m + 5*h = -51. Let f = 176 + -112. Calculate the remainder when f is divided by m.
13
Let p = -15 + 17. Let a(z) = -3*z - 8 + 0*z + 5*z - 7*z**p + 8*z**2. Calculate the remainder when 63 is divided by a(-6).
15
What is the remainder when 170 is divided by (-2)/5 + ((-16352)/40)/(-7)?
54
Let z = -261 - -300. What is the remainder when 116 is divided by z?
38
Let u(c) = c + 3. Let z = 163 - 46. What is the remainder when z*(-4)/(-24)*2 is divided by u(7)?
9
Let v(j) = 2*j - 4. Let m be v(3). Suppose 0 = x + 2*d - 121, 5*d = -m*x + 4*d + 254. Let w = 2279 - 2246. Calculate the remainder when x is divided by w.
30
Suppose 351 = 17*n + 317. Calculate the remainder when 7 is divided by n.
1
Let g(b) = -5*b + 5. Let y be g(2). Let u(d) = d**2 - d - 6. Calculate the remainder when u(y) is divided by 9.
6
What is the remainder when 5661/34 + (-3)/(-6) is divided by 57?
53
Let i(o) = -25*o - 6. Suppose 2*d + 8 = 0, -5*a - d - 6 - 23 = 0. Let b(j) = 30*j**3 - j**2 + 2*j - 1. What is the remainder when i(a) is divided by b(1)?
29
Let w(k) = 14*k**2 + 7*k + 3. Let d be w(-3). Let f = 111 - d. What is the remainder when 28 is divided by f?
1
Let c = 58 + -55. What is the remainder when c + (0 - -1) + (109 - 12) is divided by 21?
17
Suppose 139 = 4*j + 71. Let u = 1 + j. Calculate the remainder when 88 is divided by u.
16
Let a = 188 - 176. What is the remainder when (14/(-8))/(2/(-80)) is divided by a?
10
Let h(m) = -m - 8. Let c be h(-13). Let d = 9 - c. Calculate the remainder when 17 is divided by d.
1
What is the remainder when 1138 is divided by 15/9 + (-4648)/(-84)?
55
Suppose -2*p - 5*f = -0*f - 44, 116 = 4*p - 4*f. What is the remainder when 74 is divided by p?
20
Calculate the remainder when (-132)/(-88)*(-556)/(-6) is divided by 14.
13
Calculate the remainder when (55 - 54) + -2 + 50 is divided by 2.
1
Suppose -34 = -2*k - 5*q, 2*q - 34 = -2*k - 0*k. Calculate the remainder when k is divided by ((-9)/4)/((-4)/16).
8
Let o be 6/(-12)*(0 + -4). Let m(l) = 3*l**2 + 5*l - 3. Calculate the remainder when o + 3 - -43*1 is divided by m(-4).
23
Suppose -3*r + 135 + 393 = 0. Let z = -125 + r. Let c = -19 + 32. What is the remainder when z is divided by c?
12
Suppose -3*q = -4*p + 14, 2*q = -2*q - 8. Suppose 43 = p*d - 27. Let k = 95 - 83. Calculate the remainder when d is divided by k.
11
Let q(a) = a**2 + 6*a - 5. Let p be q(-7). Suppose 0 = -2*s - p*s + 20. Suppose -2*k - 2*k + 56 = b, -s*b = 0. What is the remainder when 40 is divided by k?
12
Suppose 0 = 15*w - 11 - 19. Calculate the remainder when 22 is divided by w.
0
Suppose -83 = -5*b + 62. Suppose -k + 0*k = 5*v - b, 2*k - 23 = -3*v. What is the remainder when v is divided by (-3 - 0)*1*-1?
2
Let u = -85 + 176. Suppose 129 = 4*t - u. Calculate the remainder when t is divided by 12.
7
Let m(i) = -i**2 - 6*i. Let s be (2/5)/((-6)/60). What is the remainder when (-102)/24*s*1 is divided by m(-3)?
8
Let d = 0 - -5. Suppose 0 = d*q - q + 36. Let t = 1 - q. What is the remainder when t is divided by 4?
2
Let x(t) = -4*t**3 - t**2 + 15*t + 45. Calculate the remainder when x(-4) is divided by 23.
18
Suppose -4*b = -2*j + b + 137, 0 = 2*j - 4*b - 132. Let f = 56 - 44. Calculate the remainder when j is divided by f.
8
Suppose 3*f = -4 - 5. Let g(b) = b**3 - 9*b**2 - 9*b + 14. Calculate the remainder when g(10) is divided by 2/(-3) + (-41)/f.
11
Suppose -2*v - 4*l = -5*v + 328, 320 = 3*v + 4*l. What is the remainder when v is divided by 22?
20
Let i = 18 - 18. Suppose i = 5*d - 10. Suppose d*a - 12 = -0*a. Calculate the remainder when 16 is divided by a.
4
Let y = -145 - -275. Suppose y = 7*g - 101. Suppose -14 - 20 = -2*r. Calculate the remainder when g is divided by r.
16
Let m be ((-8)/10)/((-2)/(-10)). Let b be (-5)/1*52/m. Suppose -4*f + 9*f = b. Calculate the remainder when 23 is divided by f.
10
Suppose q - 36 = -4*y, 4*q = -y + 5*y - 16. Suppose 5*p + y = 28. Suppose p*c = c + 30. What is the remainder when 38 is divided by c?
8
Suppose 19*o - 174 = 282. What is the remainder when 331 is divided by o?
19
Let i(r) = r**2 - r. Let b be i(4). Let k be (-3)/(-18) + (-2)/b. Suppose k = -3*l + 6*l - 108. What is the remainder when l is divided by 13?
10
Let j = 542 + -533. Calculate the remainder when 95 is divided by j.
5
Let m(r) = -3*r - 48. What is the remainder when (1 - (-41)/(-3))/(2/(-6)) is divided by m(-23)?
17
Let h = -1 + 1. Let g be (-24)/8 - (h - 123). Suppose o = -3*o + g. Calculate the remainder when o is divided by 8.
6
Let k(w) = -2*w**2 - 44*w - 16. What is the remainder when k(-8) is divided by 69/2 - 4/(-8)?
33
Let z = 221 + -119. Let m be (-4)/(-8)*-4 + 0. Calculate the remainder when z is divided by (-37*2)/m + 14 + -16.
32
Let r(z) = -2*z**3 + 10*z**2 + 2*z - 7. Let b be r(7). Calculate the remainder when 2552/18 - (-7)/b*-6 is divided by 16.
14
Let s(k) = -8*k + 35. Calculate the remainder when s(-10) is divided by 24.
19
Let j = -18 + 57. Suppose j = -2*m + 69. Calculate the remainder when 29 is divided by m.
14
Let g = 16 - 6. Let p = 11 + g. What is the remainder when p is divided by 13?
8
Let v = -7 + -13. Let k(b) = -b**3 - 19*b**2 + 19*b + 27. Calculate the remainder when 93 is divided by k(v).
46
Suppose 3*c - 2 = -o, 0 = -o + 3*c + 8. Suppose -5*j - o*r + 580 = 0, 2*j - 4*r = -5*r + 234. What is the 